{"id":1501,"date":"2024-04-08T18:01:51","date_gmt":"2024-04-08T16:01:51","guid":{"rendered":"http:\/\/bainsdenergies.fr\/?page_id=1501"},"modified":"2024-04-12T18:00:41","modified_gmt":"2024-04-12T16:00:41","slug":"lautoconsommation-collective-delectricite","status":"publish","type":"page","link":"https:\/\/bainsdenergies.fr\/index.php\/lautoconsommation-collective-delectricite\/","title":{"rendered":"L&rsquo;auto-consommation collective d&rsquo;\u00e9lectricit\u00e9"},"content":{"rendered":"\n<div class=\"wp-block-stackable-spacer stk-block-spacer stk--no-padding stk-block stk-3dd869f\" data-block-id=\"3dd869f\"><\/div>\n\n\n\n<div class=\"wp-block-stackable-heading stk-block-heading stk-block-heading--v2 stk-block stk-bd81bbe\" id=\"quest-ce-que-lautoconsommation-collective\" data-block-id=\"bd81bbe\"><h3 class=\"stk-block-heading__text\">Qu&rsquo;est-ce que l&rsquo;autoconsommation collective ?<\/h3><\/div>\n\n\n\n<div class=\"wp-block-stackable-text stk-block-text stk-block stk-2ec1ffa\" data-block-id=\"2ec1ffa\"><p class=\"stk-block-text__text\">L\u2019autoconsommation collective (ACC pour les intimes) correspond \u00e0 la fourniture directe d\u2019\u00e9lectricit\u00e9 entre un ou plusieurs consommateurs et un ou plusieurs producteurs situ\u00e9s \u00e0 proximit\u00e9 et r\u00e9unis au sein d\u2019une Personne Morale Organisatrice (PMO, c\u2019est son petit nom).<\/p><\/div>\n\n\n\n<figure class=\"wp-block-image size-large\"><img loading=\"lazy\" decoding=\"async\" width=\"1024\" height=\"307\" src=\"http:\/\/bainsdenergies.fr\/wp-content\/uploads\/2024\/04\/image-10-1024x307.jpeg\" alt=\"\" class=\"wp-image-1519\" srcset=\"https:\/\/bainsdenergies.fr\/wp-content\/uploads\/2024\/04\/image-10-1024x307.jpeg 1024w, https:\/\/bainsdenergies.fr\/wp-content\/uploads\/2024\/04\/image-10-300x90.jpeg 300w, https:\/\/bainsdenergies.fr\/wp-content\/uploads\/2024\/04\/image-10-768x230.jpeg 768w, https:\/\/bainsdenergies.fr\/wp-content\/uploads\/2024\/04\/image-10-1536x461.jpeg 1536w, https:\/\/bainsdenergies.fr\/wp-content\/uploads\/2024\/04\/image-10.jpeg 1920w\" sizes=\"auto, (max-width: 1024px) 100vw, 1024px\" \/><\/figure>\n\n\n\n<p>L\u2019autoconsommation est d\u00e9finie dans&nbsp;<a href=\"https:\/\/www.legifrance.gouv.fr\/codes\/section_lc\/LEGITEXT000023983208\/LEGISCTA000032939883\/#LEGISCTA000032939883\">l\u2019article&nbsp;<\/a><a href=\"https:\/\/www.legifrance.gouv.fr\/codes\/section_lc\/LEGITEXT000023983208\/LEGISCTA000032939883\/#LEGISCTA000032939883\" target=\"_blank\" rel=\"noreferrer noopener\">L315<\/a>&nbsp;du code de l\u2019\u00e9nergie.<\/p>\n\n\n\n<p>Le plus souvent, l\u2019\u00e9lectricit\u00e9 est produite par des panneaux solaires photovolta\u00efques, mais on peut aussi utiliser l\u2019\u00e9nergie hydraulique. Ces deux sources d\u2019\u00e9nergie sont tr\u00e8s compl\u00e9mentaires : le solaire est plus efficace en \u00e9t\u00e9 et de jour, l\u2019hydraulique en hiver et 24 heures sur 24.<\/p>\n\n\n\n<p>Le consommateur utilise en priorit\u00e9 l\u2019\u00e9lectricit\u00e9 produite dans la boucle d\u2019autoconsommation, mais garde son fournisseur traditionnel qui assure le compl\u00e9ment n\u00e9cessaire. En g\u00e9n\u00e9ral l\u2019autoconsommation repr\u00e9sente autour de 25 % des besoins globaux, mais avec l\u2019exp\u00e9rience et un peu d\u2019attention pour consommer aux moments propices, cette proportion peut nettement augmenter.<\/p>\n\n\n\n<p>Lorsque l\u2019ensemble de la boucle est bien \u00e9quilibr\u00e9, la quasi totalit\u00e9 de la production est auto-consomm\u00e9e : c\u2019est le but \u00e0 atteindre.<\/p>\n\n\n\n<figure class=\"wp-block-image aligncenter size-full\"><img loading=\"lazy\" decoding=\"async\" width=\"837\" height=\"533\" src=\"http:\/\/bainsdenergies.fr\/wp-content\/uploads\/2024\/04\/image-11.png\" alt=\"\" class=\"wp-image-1510\" srcset=\"https:\/\/bainsdenergies.fr\/wp-content\/uploads\/2024\/04\/image-11.png 837w, https:\/\/bainsdenergies.fr\/wp-content\/uploads\/2024\/04\/image-11-300x191.png 300w, https:\/\/bainsdenergies.fr\/wp-content\/uploads\/2024\/04\/image-11-768x489.png 768w\" sizes=\"auto, (max-width: 837px) 100vw, 837px\" \/><\/figure>\n\n\n\n<div class=\"wp-block-stackable-heading stk-block-heading stk-block-heading--v2 stk-block stk-c25b2a0\" id=\"tout-producteur-peut-etre-egalement-consommateur-et-ou-investisseur\" data-block-id=\"c25b2a0\"><h4 class=\"stk-block-heading__text\">Tout producteur peut \u00eatre \u00e9galement consommateur et\/ou investisseur !<\/h4><\/div>\n\n\n\n<p>La PMO (Bains d\u2019\u00c9nergies) assure la liaison entre les consommateurs, les producteurs, les apporteurs de capitaux et Enedis. C\u2019est Bains d\u2019\u00c9nergies qui s\u2019occupe des parties financi\u00e8re, technique (\u00e9tude de faisabilit\u00e9, pose des capteurs\u2026) et administrative (autorisations, subventions \u00e9ventuelles, facturation\u2026).<\/p>\n\n\n\n<div class=\"wp-block-stackable-text stk-block-text stk-block stk-b9b2cfc\" data-block-id=\"b9b2cfc\"><p class=\"stk-block-text__text\">Un cercle d&rsquo;autoconsommation collective rassemble des apporteurs de toitures, des investisseurs et des consommateurs d&rsquo;\u00e9lectricit\u00e9.<\/p><\/div>\n\n\n\n<div class=\"wp-block-stackable-text stk-block-text stk-block stk-494615f\" data-block-id=\"494615f\"><p class=\"stk-block-text__text\">Les participants peuvent \u00eatre des particuliers, des entreprises, des communes&#8230;<\/p><\/div>\n\n\n\n<div class=\"wp-block-stackable-text stk-block-text stk-block stk-da34764\" data-block-id=\"da34764\"><p class=\"stk-block-text__text\"><\/p><\/div>\n\n\n\n<h4 class=\"wp-block-heading\">Avantages de l\u2019ACC :&nbsp;<\/h4>\n\n\n\n<p>Pour le consommateur : profiter d\u2019un tarif stable, g\u00e9n\u00e9ralement garanti sur 20 ans, inf\u00e9rieur au tarif des fournisseurs habituels ; utiliser une \u00e9nergie propre, renouvelable, locale.<\/p>\n\n\n\n<p>Pour l&rsquo;apporteur de toiture : recevoir un loyer annuel pendant la dur\u00e9e de la convention (20 \u00e0 25 ans). La SCIC Bains d&rsquo;\u00c9nergies fait r\u00e9aliser l&rsquo;installation (panneaux solaires et raccordement) et assure l&rsquo;entretien des panneaux (et leur d\u00e9montage \u00e0 l&rsquo;issue de la convention si vous le souhaitez).<\/p>\n\n\n\n<p>Pour l\u2019investisseur (en capital ou en comptes courants) : savoir exactement \u00e0 quoi sert son argent, qui ne sera jamais transform\u00e9 en armes ou nucl\u00e9aire, tout en b\u00e9n\u00e9ficiant d\u2019un rendement non n\u00e9gligeable. Et pourquoi pas pr\u00e9parer l&rsquo;avenir, en offrant une participation \u00e0 ses enfants ou petits-enfants ?<\/p>\n\n\n\n<div class=\"wp-block-stackable-heading stk-block-heading stk-block-heading--v2 stk-block stk-d3f4622\" id=\"tout-le-monde-est-gagnant\" data-block-id=\"d3f4622\"><h6 class=\"stk-block-heading__text\">Tout le monde est gagnant !  <\/h6><\/div>\n\n\n\n<div class=\"wp-block-stackable-heading stk-block-heading stk-block-heading--v2 stk-block stk-386afe6\" id=\"conditions-pour-participer-a-lautoconsommation\" data-block-id=\"386afe6\"><h4 class=\"stk-block-heading__text\">Conditions pour participer \u00e0 l&rsquo;autoconsommation :<\/h4><\/div>\n\n\n\n<div class=\"wp-block-stackable-heading stk-block-heading stk-block-heading--v2 stk-block stk-722eca9\" id=\"pour-le-consommateur\" data-block-id=\"722eca9\"><h5 class=\"stk-block-heading__text\">Pour le consommateur :<\/h5><\/div>\n\n\n\n<div class=\"wp-block-stackable-text stk-block-text stk-block stk-41ca979\" data-block-id=\"41ca979\"><p class=\"stk-block-text__text\">&#8211; \u00catre situ\u00e9 dans l&rsquo;une des <a href=\"#communes\">communes<\/a> du cercle d&rsquo;autoconsommation<\/p><\/div>\n\n\n\n<div class=\"wp-block-stackable-text stk-block-text stk-block stk-cb4bc1d\" data-block-id=\"cb4bc1d\"><p class=\"stk-block-text__text\">&#8211; \u00catre ou <a href=\".\/index.php\/2024\/01\/25\/rejoignez-nous\">devenir<\/a> soci\u00e9taire de la SCIC Bains d&rsquo;\u00c9nergies<\/p><\/div>\n\n\n\n<div class=\"wp-block-stackable-text stk-block-text stk-block stk-18e0bf8\" data-block-id=\"18e0bf8\"><p class=\"stk-block-text__text\">&#8211; Avoir un compteur communicant (Linky)<\/p><\/div>\n\n\n\n<div class=\"wp-block-stackable-text stk-block-text stk-block stk-28a66a3\" data-block-id=\"28a66a3\"><p class=\"stk-block-text__text\">&#8211; Remplir et nous retourner <a href=\"http:\/\/bainsdenergies.fr\/wp-content\/uploads\/2024\/04\/SCIC-Fiche-ACC.pdf\">la fiche de renseignements<\/a> ACC<\/p><\/div>\n\n\n\n<div class=\"wp-block-stackable-text stk-block-text stk-block stk-a016b9c\" data-block-id=\"a016b9c\"><p class=\"stk-block-text__text\">&#8211; Souscrire \u00e0 l&rsquo;offre sous forme de pr\u00e9paiement annuel adapt\u00e9 \u00e0 la consommation de votre foyer (environ 1 000 kWh). Cette \u00e9lectricit\u00e9 solaire couvrira de 25 \u00e0 30 % de vos besoins, vous achetez le compl\u00e9ment chez votre fournisseur habituel. Ce pr\u00e9paiement peut \u00eatre renouvel\u00e9 lorsque vous avez consomm\u00e9 les kWh souscrits.<\/p><\/div>\n\n\n\n<div class=\"wp-block-stackable-heading stk-block-heading stk-block-heading--v2 stk-block stk-08593c5\" id=\"pour-lapporteur-de-toiture\" data-block-id=\"08593c5\"><h5 class=\"stk-block-heading__text\">Pour l&rsquo;apporteur de toiture :<\/h5><\/div>\n\n\n\n<div class=\"wp-block-stackable-text stk-block-text stk-block stk-032e848\" data-block-id=\"032e848\"><p class=\"stk-block-text__text\">&#8211; \u00catre propri\u00e9taire d&rsquo;un b\u00e2timent dans l&rsquo;une des <a href=\"#communes\">communes<\/a> du cercle d&rsquo;autoconsommation<\/p><\/div>\n\n\n\n<div class=\"wp-block-stackable-text stk-block-text stk-block stk-7148190\" data-block-id=\"7148190\"><p class=\"stk-block-text__text\">&#8211; Disposer d&rsquo;une toiture bien orient\u00e9e et pouvant supporter les capteurs<\/p><\/div>\n\n\n\n<div class=\"wp-block-stackable-text stk-block-text stk-block stk-4bb31b4\" data-block-id=\"4bb31b4\"><p class=\"stk-block-text__text\">&#8211; \u00catre ou <a href=\".\/index.php\/2024\/01\/25\/rejoignez-nous\">devenir<\/a> soci\u00e9taire de la SCIC Bains d&rsquo;\u00c9nergies<\/p><\/div>\n\n\n\n<div class=\"wp-block-stackable-text stk-block-text stk-block stk-685b22c\" data-block-id=\"685b22c\"><p class=\"stk-block-text__text\">&#8211; Avoir un compteur communicant (Linky)<\/p><\/div>\n\n\n\n<div class=\"wp-block-stackable-heading stk-block-heading stk-block-heading--v2 stk-block stk-076347c\" id=\"pour-lapporteur-de-capitaux\" data-block-id=\"076347c\"><h5 class=\"stk-block-heading__text\">Pour l&rsquo;apporteur de capitaux :<\/h5><\/div>\n\n\n\n<div class=\"wp-block-stackable-text stk-block-text stk-block stk-9b6888e\" data-block-id=\"9b6888e\"><p class=\"stk-block-text__text\">&#8211; \u00catre ou <a href=\".\/index.php\/2024\/01\/25\/rejoignez-nous\">devenir<\/a> soci\u00e9taire de la SCIC Bains d&rsquo;\u00c9nergies<\/p><\/div>\n\n\n\n<div class=\"wp-block-stackable-text stk-block-text stk-block stk-4678ae2\" data-block-id=\"4678ae2\"><p class=\"stk-block-text__text\">&#8211; Les capitaux peuvent \u00eatre investis directement dans le capital de Bains d&rsquo;\u00c9nergies, permettant ainsi d&rsquo;avoir une part des b\u00e9n\u00e9fices distribu\u00e9s, ou \u00eatre inscrits en compte courant d&rsquo;associ\u00e9, donnant droit \u00e0 un int\u00e9r\u00eat fixe.<\/p><\/div>\n\n\n\n<div class=\"wp-block-stackable-heading stk-block-heading stk-block-heading--v2 stk-block stk-f0889ad\" id=\"communes-concernees-par-lautoconsommation\" data-block-id=\"f0889ad\"><h3 class=\"stk-block-heading__text\">Communes concern\u00e9es par l&rsquo;autoconsommation :<\/h3><\/div>\n\n\n\n<div class=\"wp-block-stackable-spacer stk-block-spacer stk--no-padding stk-block stk-1bdb0ab\" data-block-id=\"1bdb0ab\"><\/div>\n\n\n\n<figure class=\"wp-block-image size-large\"><img loading=\"lazy\" decoding=\"async\" width=\"1024\" height=\"751\" src=\"http:\/\/bainsdenergies.fr\/wp-content\/uploads\/2024\/04\/20240410161115525_0001-1024x751.jpg\" alt=\"\" class=\"wp-image-1605\" srcset=\"https:\/\/bainsdenergies.fr\/wp-content\/uploads\/2024\/04\/20240410161115525_0001-1024x751.jpg 1024w, https:\/\/bainsdenergies.fr\/wp-content\/uploads\/2024\/04\/20240410161115525_0001-300x220.jpg 300w, https:\/\/bainsdenergies.fr\/wp-content\/uploads\/2024\/04\/20240410161115525_0001-768x564.jpg 768w, https:\/\/bainsdenergies.fr\/wp-content\/uploads\/2024\/04\/20240410161115525_0001-1536x1127.jpg 1536w, https:\/\/bainsdenergies.fr\/wp-content\/uploads\/2024\/04\/20240410161115525_0001.jpg 1784w\" sizes=\"auto, (max-width: 1024px) 100vw, 1024px\" \/><\/figure>\n\n\n\n<div class=\"wp-block-stackable-spacer stk-block-spacer stk--no-padding stk-block stk-f6252d5\" data-block-id=\"f6252d5\"><\/div>\n\n\n\n<p id=\"communes\">Liste des communes dans notre premier cercle :<\/p>\n\n\n\n<ul class=\"wp-block-list\">\n<li>La V\u00f4ge-les-Bains (communes d\u00e9l\u00e9gu\u00e9es de Bains-les-Bains, Hautmougey et Harsault)<\/li>\n\n\n\n<li>Xertigny <\/li>\n\n\n\n<li>La Chapelle-aux-Bois<\/li>\n\n\n\n<li>Les Voivres <\/li>\n\n\n\n<li>Fontenoy-le-Ch\u00e2teau <\/li>\n\n\n\n<li>Gruey-l\u00e8s-Surance <\/li>\n\n\n\n<li>Le Clerjus <\/li>\n\n\n\n<li>Charmois-l\u2019Orgueilleux <\/li>\n\n\n\n<li>Tr\u00e9monzey <\/li>\n\n\n\n<li>La Haye<\/li>\n<\/ul>\n\n\n\n<p>Si vous \u00eates dans l&rsquo;une de ces communes et que vous souhaitez consommer une \u00e9nergie propre, locale, \u00e0 un tarif raisonnable et stable :<\/p>\n\n\n\n<div class=\"wp-block-stackable-button-group aligncenter stk-block-button-group stk-block stk-d41a345\" data-block-id=\"d41a345\"><div class=\"stk-row stk-inner-blocks stk-block-content stk-button-group\">\n<div class=\"wp-block-stackable-button stk-block-button stk-block stk-6377444\" data-block-id=\"6377444\"><a class=\"stk-link stk-button stk--hover-effect-darken\" href=\".\/index.php\/2024\/01\/25\/rejoignez-nous\"><span class=\"stk-button__inner-text\">Rejoignez-nous !<\/span><\/a><\/div>\n<\/div><\/div>\n\n\n\n<div class=\"wp-block-stackable-text stk-block-text stk-block stk-825844d\" data-block-id=\"825844d\"><p class=\"stk-block-text__text\">Si vous disposez d&rsquo;une toiture solide et bien orient\u00e9e dans l&rsquo;une de ces communes :<\/p><\/div>\n\n\n\n<div class=\"wp-block-stackable-button-group stk-block-button-group stk-block stk-6d0397e\" data-block-id=\"6d0397e\"><div class=\"stk-row stk-inner-blocks stk-block-content stk-button-group\">\n<div class=\"wp-block-stackable-button stk-block-button stk-block stk-caed269\" data-block-id=\"caed269\"><a class=\"stk-link stk-button stk--hover-effect-darken\" href=\".\/index.php\/2024\/01\/25\/rejoignez-nous\"><span class=\"stk-button__inner-text\">Rejoignez-nous !<\/span><\/a><\/div>\n<\/div><\/div>\n\n\n\n<div class=\"wp-block-stackable-text stk-block-text stk-block stk-b2a02de\" data-block-id=\"b2a02de\"><p class=\"stk-block-text__text\">Si vous souhaitez investir pour l&rsquo;avenir, pour vous, pour vos enfants, pour vos petits-enfants :<\/p><\/div>\n\n\n\n<div class=\"wp-block-stackable-button-group stk-block-button-group stk-block stk-ad88771\" data-block-id=\"ad88771\"><div class=\"stk-row stk-inner-blocks stk-block-content stk-button-group\">\n<div class=\"wp-block-stackable-button stk-block-button stk-block stk-167bd94\" data-block-id=\"167bd94\"><a class=\"stk-link stk-button stk--hover-effect-darken\" href=\".\/index.php\/2024\/01\/25\/rejoignez-nous\"><span class=\"stk-button__inner-text\">Rejoignez-nous !<\/span><\/a><\/div>\n<\/div><\/div>\n\n\n\n<div class=\"wp-block-stackable-spacer stk-block-spacer stk--no-padding stk-block stk-7bdeea3\" data-block-id=\"7bdeea3\"><style>.stk-7bdeea3{height:75px !important}<\/style><\/div>\n\n\n\n<div class=\"wp-block-group is-layout-constrained wp-block-group-is-layout-constrained\">\n<div class=\"wp-block-stackable-columns alignfull stk-block-columns stk-block stk-51483c5 stk-block-background stk--has-background-overlay\" data-block-id=\"51483c5\"><style>.stk-51483c5 .stk--block-align-51483c5{align-items:center !important}.stk-51483c5{background-color:#000000 !important;background-image:url(http:\/\/bainsdenergies.fr\/wp-content\/uploads\/2024\/01\/Page1-2.jpeg) !important;padding-top:150px !important;padding-bottom:150px !important;margin-bottom:0px !important}.stk-51483c5:before{background-color:#000000 !important;opacity:0.3 !important}.stk-51483c5-column{--stk-column-gap:35px !important}@media screen and (max-width:1023px){.stk-51483c5{padding-top:100px !important;padding-bottom:100px !important}}<\/style><div class=\"stk-row stk-inner-blocks stk--block-align-51483c5 stk-block-content stk-content-align stk-51483c5-column\">\n<div class=\"wp-block-stackable-column stk-block-column stk-column stk-block stk-6cfc4a8\" data-v=\"4\" data-block-id=\"6cfc4a8\"><style>.stk-6cfc4a8-container{margin-top:0px !important;margin-right:0px !important;margin-bottom:0px !important;margin-left:0px !important}@media screen and (min-width:768px) and (max-width:1023px){.stk-6cfc4a8{flex:0 1 calc(100% - var(--stk-column-gap,0px) * 0 \/ 1 ) !important}}<\/style><div class=\"stk-column-wrapper stk-block-column__content stk-container stk-6cfc4a8-container stk--no-background stk--no-padding\"><div class=\"stk-block-content stk-inner-blocks stk-6cfc4a8-inner-blocks\">\n<div class=\"wp-block-stackable-text stk-block-text stk-block stk-488d65e\" data-block-id=\"488d65e\"><style>.stk-488d65e{margin-bottom:10px !important}.stk-488d65e .stk-block-text__text{color:var(--theme-palette-color-5,#edeff2) !important}<\/style><p class=\"stk-block-text__text has-text-color has-palette-color-5-color has-text-align-center-mobile\">Rejoignez-nous<\/p><\/div>\n\n\n\n<div class=\"wp-block-stackable-divider stk-block-divider stk--hide-mobile has-text-align-left stk-block stk-dcead3d is-style-bar\" data-block-id=\"dcead3d\"><style>.stk-dcead3d{margin-bottom:15px !important}.stk-dcead3d hr.stk-block-divider__hr{background:var(--theme-palette-color-1,#ffcd05) !important;border-radius:calc(4px \/ 2) !important;height:4px !important;width:17% !important}<\/style><hr class=\"stk-block-divider__hr\"\/><\/div>\n\n\n\n<div class=\"wp-block-stackable-heading stk-block-heading stk-block-heading--v2 stk-block stk-954caba\" id=\"venez-nous-aider-a-rendre-le-futur-plus-beau\" data-block-id=\"954caba\"><style>.stk-954caba{margin-bottom:20px !important}.stk-954caba .stk-block-heading__text{font-size:50px !important;color:var(--theme-palette-color-8,#ffffff) !important;line-height:1.2em !important}@media screen and (max-width:1023px){.stk-954caba .stk-block-heading__text{font-size:40px !important}}<\/style><h2 class=\"stk-block-heading__text has-text-color has-palette-color-8-color has-text-align-center-mobile\">Venez nous aider \u00e0 rendre le futur plus beau<\/h2><\/div>\n\n\n\n<div class=\"wp-block-stackable-text stk-block-text stk-block stk-35e8da2\" data-block-id=\"35e8da2\"><style>.stk-35e8da2{margin-bottom:40px !important}.stk-35e8da2 .stk-block-text__text{color:var(--theme-palette-color-5,#edeff2) !important}<\/style><p class=\"stk-block-text__text has-text-color has-palette-color-5-color has-text-align-center-mobile\">\u00c0 Bains d&rsquo;\u00c9nergies, on m\u00e8ne une action de transition \u00e9cologique avec des animations, des installations de production d&rsquo;\u00e9nergie et d&rsquo;\u00e9conomie alternative. Un endroit o\u00f9 l&rsquo;on s&rsquo;engage dans une d\u00e9marche d&rsquo;avenir !<\/p><\/div>\n\n\n\n<div class=\"wp-block-stackable-button-group stk-block-button-group stk-block stk-2fdae91\" data-block-id=\"2fdae91\"><div class=\"stk-row stk-inner-blocks has-text-align-center-mobile stk-block-content stk-button-group\">\n<div class=\"wp-block-stackable-button stk-block-button stk-block stk-273f1be\" data-block-id=\"273f1be\"><style>.stk-273f1be .stk-button{padding-top:12px !important;padding-right:30px !important;padding-bottom:12px !important;padding-left:30px !important;border-top-left-radius:3px !important;border-top-right-radius:3px !important;border-bottom-right-radius:3px !important;border-bottom-left-radius:3px !important}.stk-273f1be .stk-button__inner-text{font-size:1.15em !important;color:var(--theme-palette-color-4,#111518) !important}@media screen and (max-width:1023px){.stk-273f1be .stk-button__inner-text{font-size:1.15em !important}}<\/style><a class=\"stk-link stk-button stk--hover-effect-darken\" href=\".\/index.php\/2024\/01\/25\/rejoignez-nous\"><span class=\"has-text-color has-palette-color-4-color stk-button__inner-text\">Nous rejoindre<\/span><\/a><\/div>\n<\/div><\/div>\n<\/div><\/div><\/div>\n\n\n\n<div class=\"wp-block-stackable-column stk-block-column stk-column stk-block stk-54ec8b1\" data-v=\"4\" data-block-id=\"54ec8b1\"><style>.stk-54ec8b1-container{margin-top:0px !important;margin-right:0px !important;margin-bottom:0px !important;margin-left:0px !important}@media screen and (min-width:768px) and (max-width:1023px){.stk-54ec8b1{flex:0 1 calc(50% - var(--stk-column-gap,0px) * 0 \/ 1 ) !important}}<\/style><div class=\"stk-column-wrapper stk-block-column__content stk-container stk-54ec8b1-container stk--no-background stk--no-padding\"><div class=\"stk-block-content stk-inner-blocks stk-54ec8b1-inner-blocks\"><\/div><\/div><\/div>\n<\/div><\/div>\n<\/div>\n","protected":false},"excerpt":{"rendered":"<p>Qu&rsquo;est-ce que l&rsquo;autoconsommation collective ? L\u2019autoconsommation collective (ACC pour les intimes) correspond \u00e0 la fourniture directe d\u2019\u00e9lectricit\u00e9 entre un ou plusieurs consommateurs et un ou plusieurs producteurs situ\u00e9s \u00e0 proximit\u00e9 et r\u00e9unis au sein d\u2019une Personne Morale Organisatrice (PMO, c\u2019est son petit nom). L\u2019autoconsommation est d\u00e9finie dans&nbsp;l\u2019article&nbsp;L315&nbsp;du code de l\u2019\u00e9nergie. Le plus souvent, l\u2019\u00e9lectricit\u00e9 est [&hellip;]<\/p>\n","protected":false},"author":1,"featured_media":1374,"parent":0,"menu_order":0,"comment_status":"closed","ping_status":"closed","template":"","meta":{"footnotes":""},"class_list":["post-1501","page","type-page","status-publish","has-post-thumbnail","hentry"],"blocksy_meta":[],"featured_image_urls":{"full":["https:\/\/bainsdenergies.fr\/wp-content\/uploads\/2024\/02\/acc-general.png",528,288,false],"thumbnail":["https:\/\/bainsdenergies.fr\/wp-content\/uploads\/2024\/02\/acc-general-150x150.png",150,150,true],"medium":["https:\/\/bainsdenergies.fr\/wp-content\/uploads\/2024\/02\/acc-general-300x164.png",300,164,true],"medium_large":["https:\/\/bainsdenergies.fr\/wp-content\/uploads\/2024\/02\/acc-general.png",528,288,false],"large":["https:\/\/bainsdenergies.fr\/wp-content\/uploads\/2024\/02\/acc-general.png",528,288,false],"1536x1536":["https:\/\/bainsdenergies.fr\/wp-content\/uploads\/2024\/02\/acc-general.png",528,288,false],"2048x2048":["https:\/\/bainsdenergies.fr\/wp-content\/uploads\/2024\/02\/acc-general.png",528,288,false]},"post_excerpt_stackable":"<p>Qu&rsquo;est-ce que l&rsquo;autoconsommation collective ? L\u2019autoconsommation collective (ACC pour les intimes) correspond \u00e0 la fourniture directe d\u2019\u00e9lectricit\u00e9 entre un ou plusieurs consommateurs et un ou plusieurs producteurs situ\u00e9s \u00e0 proximit\u00e9 et r\u00e9unis au sein d\u2019une Personne Morale Organisatrice (PMO, c\u2019est son petit nom). L\u2019autoconsommation est d\u00e9finie dans&nbsp;l\u2019article&nbsp;L315&nbsp;du code de l\u2019\u00e9nergie. Le plus souvent, l\u2019\u00e9lectricit\u00e9 est produite par des panneaux solaires photovolta\u00efques, mais on peut aussi utiliser l\u2019\u00e9nergie hydraulique. Ces deux sources d\u2019\u00e9nergie sont tr\u00e8s compl\u00e9mentaires : le solaire est plus efficace en \u00e9t\u00e9 et de jour, l\u2019hydraulique en hiver et 24 heures sur 24. Le consommateur utilise en priorit\u00e9 l\u2019\u00e9lectricit\u00e9\u2026<\/p>\n","category_list":"","author_info":{"name":"admin2024","url":"https:\/\/bainsdenergies.fr\/index.php\/author\/admin2024\/"},"comments_num":"0 commentaire","_links":{"self":[{"href":"https:\/\/bainsdenergies.fr\/index.php\/wp-json\/wp\/v2\/pages\/1501","targetHints":{"allow":["GET"]}}],"collection":[{"href":"https:\/\/bainsdenergies.fr\/index.php\/wp-json\/wp\/v2\/pages"}],"about":[{"href":"https:\/\/bainsdenergies.fr\/index.php\/wp-json\/wp\/v2\/types\/page"}],"author":[{"embeddable":true,"href":"https:\/\/bainsdenergies.fr\/index.php\/wp-json\/wp\/v2\/users\/1"}],"replies":[{"embeddable":true,"href":"https:\/\/bainsdenergies.fr\/index.php\/wp-json\/wp\/v2\/comments?post=1501"}],"version-history":[{"count":16,"href":"https:\/\/bainsdenergies.fr\/index.php\/wp-json\/wp\/v2\/pages\/1501\/revisions"}],"predecessor-version":[{"id":1647,"href":"https:\/\/bainsdenergies.fr\/index.php\/wp-json\/wp\/v2\/pages\/1501\/revisions\/1647"}],"wp:featuredmedia":[{"embeddable":true,"href":"https:\/\/bainsdenergies.fr\/index.php\/wp-json\/wp\/v2\/media\/1374"}],"wp:attachment":[{"href":"https:\/\/bainsdenergies.fr\/index.php\/wp-json\/wp\/v2\/media?parent=1501"}],"curies":[{"name":"wp","href":"https:\/\/api.w.org\/{rel}","templated":true}]}}